{"id":820,"date":"2026-03-14T14:12:04","date_gmt":"2026-03-14T14:12:04","guid":{"rendered":"https:\/\/arcanesetcristaux.fr\/?page_id=820"},"modified":"2026-03-14T14:57:15","modified_gmt":"2026-03-14T14:57:15","slug":"ressources","status":"publish","type":"page","link":"https:\/\/arcanesetcristaux.fr\/index.php\/ressources\/","title":{"rendered":"RESSOURCES"},"content":{"rendered":"\t\t<div data-elementor-type=\"wp-page\" data-elementor-id=\"820\" class=\"elementor elementor-820\" data-elementor-post-type=\"page\">\n\t\t\t\t<div class=\"elementor-element elementor-element-c40fc93 e-flex e-con-boxed e-con e-parent\" data-id=\"c40fc93\" data-element_type=\"container\" data-e-type=\"container\">\n\t\t\t\t\t<div class=\"e-con-inner\">\n\t\t\t\t<div class=\"elementor-element elementor-element-dd7c4a4 elementor-widget elementor-widget-heading\" data-id=\"dd7c4a4\" data-element_type=\"widget\" data-e-type=\"widget\" data-widget_type=\"heading.default\">\n\t\t\t\t\t<h2 class=\"elementor-heading-title elementor-size-default\">Accompagnements et outils ressources<\/h2>\t\t\t\t<\/div>\n\t\t\t\t\t<\/div>\n\t\t\t\t<\/div>\n\t\t<div class=\"elementor-element elementor-element-c5784d1 e-flex e-con-boxed e-con e-parent\" data-id=\"c5784d1\" data-element_type=\"container\" data-e-type=\"container\">\n\t\t\t\t\t<div class=\"e-con-inner\">\n\t\t\t\t<div class=\"elementor-element elementor-element-7093a7c elementor-grid-4 elementor-grid-tablet-3 elementor-grid-mobile-2 elementor-products-grid elementor-wc-products elementor-widget elementor-widget-woocommerce-products\" data-id=\"7093a7c\" data-element_type=\"widget\" data-e-type=\"widget\" data-widget_type=\"woocommerce-products.default\">\n\t\t\t\t<div class=\"elementor-widget-container\">\n\t\t\t\t\t<div class=\"woocommerce columns-4 \"><ul class=\"products elementor-grid columns-4\">\n<li class=\"product type-product post-797 status-publish first instock product_cat-accompagnements-consultations has-post-thumbnail virtual sold-individually purchasable product-type-simple\">\n\t<a href=\"https:\/\/arcanesetcristaux.fr\/index.php\/produit\/seance-mise-en-lumiere-tarot-protocole-lithotherapie-personnalise-visio\/\" class=\"woocommerce-LoopProduct-link woocommerce-loop-product__link\"><img fetchpriority=\"high\" decoding=\"async\" width=\"300\" height=\"300\" src=\"https:\/\/arcanesetcristaux.fr\/wp-content\/uploads\/2026\/03\/Signature-en-visio-300x300.webp\" class=\"attachment-woocommerce_thumbnail size-woocommerce_thumbnail\" alt=\"S\u00e9ance &quot;Mise en Lumi\u00e8re&quot; Tarot + protocole Lithoth\u00e9rapie personnalis\u00e9 en visio\" srcset=\"https:\/\/arcanesetcristaux.fr\/wp-content\/uploads\/2026\/03\/Signature-en-visio-300x300.webp 300w, https:\/\/arcanesetcristaux.fr\/wp-content\/uploads\/2026\/03\/Signature-en-visio-100x100.webp 100w, https:\/\/arcanesetcristaux.fr\/wp-content\/uploads\/2026\/03\/Signature-en-visio-150x150.webp 150w\" sizes=\"(max-width: 300px) 100vw, 300px\" \/><h2 class=\"woocommerce-loop-product__title\">S\u00e9ance \u00ab\u00a0Mise en Lumi\u00e8re\u00a0\u00bb Tarot + protocole Lithoth\u00e9rapie personnalis\u00e9 en visio<\/h2>\n\t<span class=\"price\"><span class=\"woocommerce-Price-amount amount\"><bdi>70,00&nbsp;<span class=\"woocommerce-Price-currencySymbol\">&euro;<\/span><\/bdi><\/span><\/span>\n<\/a><a href=\"\/index.php\/wp-json\/wp\/v2\/pages\/820?add-to-cart=797\" aria-describedby=\"woocommerce_loop_add_to_cart_link_describedby_797\" data-quantity=\"1\" class=\"button product_type_simple add_to_cart_button ajax_add_to_cart\" data-product_id=\"797\" data-product_sku=\"\" aria-label=\"Ajouter au panier\u00a0: &ldquo;S\u00e9ance &quot;Mise en Lumi\u00e8re&quot; Tarot + protocole Lithoth\u00e9rapie personnalis\u00e9 en visio&rdquo;\" rel=\"nofollow\" data-success_message=\"\u00ab\u00a0S\u00e9ance &quot;Mise en Lumi\u00e8re&quot; Tarot + protocole Lithoth\u00e9rapie personnalis\u00e9 en visio\u00a0\u00bb a \u00e9t\u00e9 ajout\u00e9 \u00e0 votre panier\" role=\"button\">Ajouter au panier<\/a>\t<span id=\"woocommerce_loop_add_to_cart_link_describedby_797\" class=\"screen-reader-text\">\n\t\t\t<\/span>\n<\/li>\n<li class=\"product type-product post-793 status-publish instock product_cat-accompagnements-consultations has-post-thumbnail virtual sold-individually purchasable product-type-simple\">\n\t<a href=\"https:\/\/arcanesetcristaux.fr\/index.php\/produit\/consultation-tarot-protocole-mineral\/\" class=\"woocommerce-LoopProduct-link woocommerce-loop-product__link\"><img decoding=\"async\" width=\"300\" height=\"300\" data-src=\"https:\/\/arcanesetcristaux.fr\/wp-content\/uploads\/2026\/03\/Signature-en-presentiel-300x300.webp\" class=\"attachment-woocommerce_thumbnail size-woocommerce_thumbnail lazyload\" alt=\"S\u00e9ance &quot;Mise en Lumi\u00e8re&quot; Tarot + protocole Lithoth\u00e9rapie personnalis\u00e9\" data-srcset=\"https:\/\/arcanesetcristaux.fr\/wp-content\/uploads\/2026\/03\/Signature-en-presentiel-300x300.webp 300w, https:\/\/arcanesetcristaux.fr\/wp-content\/uploads\/2026\/03\/Signature-en-presentiel-100x100.webp 100w, https:\/\/arcanesetcristaux.fr\/wp-content\/uploads\/2026\/03\/Signature-en-presentiel-150x150.webp 150w\" data-sizes=\"(max-width: 300px) 100vw, 300px\" src=\"data:image\/svg+xml;base64,PHN2ZyB3aWR0aD0iMSIgaGVpZ2h0PSIxIiB4bWxucz0iaHR0cDovL3d3dy53My5vcmcvMjAwMC9zdmciPjwvc3ZnPg==\" style=\"--smush-placeholder-width: 300px; --smush-placeholder-aspect-ratio: 300\/300;\" \/><h2 class=\"woocommerce-loop-product__title\">S\u00e9ance \u00ab\u00a0Mise en Lumi\u00e8re\u00a0\u00bb Tarot + protocole Lithoth\u00e9rapie personnalis\u00e9<\/h2>\n\t<span class=\"price\"><span class=\"woocommerce-Price-amount amount\"><bdi>80,00&nbsp;<span class=\"woocommerce-Price-currencySymbol\">&euro;<\/span><\/bdi><\/span><\/span>\n<\/a><a href=\"\/index.php\/wp-json\/wp\/v2\/pages\/820?add-to-cart=793\" aria-describedby=\"woocommerce_loop_add_to_cart_link_describedby_793\" data-quantity=\"1\" class=\"button product_type_simple add_to_cart_button ajax_add_to_cart\" data-product_id=\"793\" data-product_sku=\"\" aria-label=\"Ajouter au panier\u00a0: &ldquo;S\u00e9ance &quot;Mise en Lumi\u00e8re&quot; Tarot + protocole Lithoth\u00e9rapie personnalis\u00e9&rdquo;\" rel=\"nofollow\" data-success_message=\"\u00ab\u00a0S\u00e9ance &quot;Mise en Lumi\u00e8re&quot; Tarot + protocole Lithoth\u00e9rapie personnalis\u00e9\u00a0\u00bb a \u00e9t\u00e9 ajout\u00e9 \u00e0 votre panier\" role=\"button\">Ajouter au panier<\/a>\t<span id=\"woocommerce_loop_add_to_cart_link_describedby_793\" class=\"screen-reader-text\">\n\t\t\t<\/span>\n<\/li>\n<li class=\"product type-product post-763 status-publish instock product_cat-accompagnements-consultations has-post-thumbnail virtual sold-individually purchasable product-type-simple\">\n\t<a href=\"https:\/\/arcanesetcristaux.fr\/index.php\/produit\/consultation-tarot-en-presentiel\/\" class=\"woocommerce-LoopProduct-link woocommerce-loop-product__link\"><img decoding=\"async\" width=\"300\" height=\"300\" data-src=\"https:\/\/arcanesetcristaux.fr\/wp-content\/uploads\/2026\/03\/ChatGPT-Image-11-mars-2026-15_36_35-300x300.png\" class=\"attachment-woocommerce_thumbnail size-woocommerce_thumbnail lazyload\" alt=\"consultation Tarot en pr\u00e9sentiel\" data-srcset=\"https:\/\/arcanesetcristaux.fr\/wp-content\/uploads\/2026\/03\/ChatGPT-Image-11-mars-2026-15_36_35-300x300.png 300w, https:\/\/arcanesetcristaux.fr\/wp-content\/uploads\/2026\/03\/ChatGPT-Image-11-mars-2026-15_36_35-100x100.png 100w, https:\/\/arcanesetcristaux.fr\/wp-content\/uploads\/2026\/03\/ChatGPT-Image-11-mars-2026-15_36_35-150x150.png 150w\" data-sizes=\"(max-width: 300px) 100vw, 300px\" src=\"data:image\/svg+xml;base64,PHN2ZyB3aWR0aD0iMSIgaGVpZ2h0PSIxIiB4bWxucz0iaHR0cDovL3d3dy53My5vcmcvMjAwMC9zdmciPjwvc3ZnPg==\" style=\"--smush-placeholder-width: 300px; --smush-placeholder-aspect-ratio: 300\/300;\" \/><h2 class=\"woocommerce-loop-product__title\">consultation Tarot en pr\u00e9sentiel<\/h2>\n\t<span class=\"price\"><span class=\"woocommerce-Price-amount amount\"><bdi>65,00&nbsp;<span class=\"woocommerce-Price-currencySymbol\">&euro;<\/span><\/bdi><\/span><\/span>\n<\/a><a href=\"\/index.php\/wp-json\/wp\/v2\/pages\/820?add-to-cart=763\" aria-describedby=\"woocommerce_loop_add_to_cart_link_describedby_763\" data-quantity=\"1\" class=\"button product_type_simple add_to_cart_button ajax_add_to_cart\" data-product_id=\"763\" data-product_sku=\"\" aria-label=\"Ajouter au panier\u00a0: &ldquo;consultation Tarot en pr\u00e9sentiel&rdquo;\" rel=\"nofollow\" data-success_message=\"\u00ab\u00a0consultation Tarot en pr\u00e9sentiel\u00a0\u00bb a \u00e9t\u00e9 ajout\u00e9 \u00e0 votre panier\" role=\"button\">Ajouter au panier<\/a>\t<span id=\"woocommerce_loop_add_to_cart_link_describedby_763\" class=\"screen-reader-text\">\n\t\t\t<\/span>\n<\/li>\n<li class=\"product type-product post-754 status-publish last instock product_cat-accompagnements-consultations has-post-thumbnail virtual purchasable product-type-simple\">\n\t<a href=\"https:\/\/arcanesetcristaux.fr\/index.php\/produit\/consutation-de-lithotherapie-en-presentiel\/\" class=\"woocommerce-LoopProduct-link woocommerce-loop-product__link\"><img decoding=\"async\" width=\"300\" height=\"300\" data-src=\"https:\/\/arcanesetcristaux.fr\/wp-content\/uploads\/2026\/03\/ChatGPT-Image-11-mars-2026-15_37_07-300x300.png\" class=\"attachment-woocommerce_thumbnail size-woocommerce_thumbnail lazyload\" alt=\"Consutation de lithoth\u00e9rapie en pr\u00e9sentiel\" data-srcset=\"https:\/\/arcanesetcristaux.fr\/wp-content\/uploads\/2026\/03\/ChatGPT-Image-11-mars-2026-15_37_07-300x300.png 300w, https:\/\/arcanesetcristaux.fr\/wp-content\/uploads\/2026\/03\/ChatGPT-Image-11-mars-2026-15_37_07-100x100.png 100w, https:\/\/arcanesetcristaux.fr\/wp-content\/uploads\/2026\/03\/ChatGPT-Image-11-mars-2026-15_37_07-150x150.png 150w\" data-sizes=\"(max-width: 300px) 100vw, 300px\" src=\"data:image\/svg+xml;base64,PHN2ZyB3aWR0aD0iMSIgaGVpZ2h0PSIxIiB4bWxucz0iaHR0cDovL3d3dy53My5vcmcvMjAwMC9zdmciPjwvc3ZnPg==\" style=\"--smush-placeholder-width: 300px; --smush-placeholder-aspect-ratio: 300\/300;\" \/><h2 class=\"woocommerce-loop-product__title\">Consutation de lithoth\u00e9rapie en pr\u00e9sentiel<\/h2>\n\t<span class=\"price\"><span class=\"woocommerce-Price-amount amount\"><bdi>65,00&nbsp;<span class=\"woocommerce-Price-currencySymbol\">&euro;<\/span><\/bdi><\/span><\/span>\n<\/a><a href=\"\/index.php\/wp-json\/wp\/v2\/pages\/820?add-to-cart=754\" aria-describedby=\"woocommerce_loop_add_to_cart_link_describedby_754\" data-quantity=\"1\" class=\"button product_type_simple add_to_cart_button ajax_add_to_cart\" data-product_id=\"754\" data-product_sku=\"\" aria-label=\"Ajouter au panier\u00a0: &ldquo;Consutation de lithoth\u00e9rapie en pr\u00e9sentiel&rdquo;\" rel=\"nofollow\" data-success_message=\"\u00ab\u00a0Consutation de lithoth\u00e9rapie en pr\u00e9sentiel\u00a0\u00bb a \u00e9t\u00e9 ajout\u00e9 \u00e0 votre panier\" role=\"button\">Ajouter au panier<\/a>\t<span id=\"woocommerce_loop_add_to_cart_link_describedby_754\" class=\"screen-reader-text\">\n\t\t\t<\/span>\n<\/li>\n<li class=\"product type-product post-722 status-publish first instock product_cat-accompagnements-consultations has-post-thumbnail virtual purchasable product-type-simple\">\n\t<a href=\"https:\/\/arcanesetcristaux.fr\/index.php\/produit\/consutation-de-lithotherapie-en-visio\/\" class=\"woocommerce-LoopProduct-link woocommerce-loop-product__link\"><img decoding=\"async\" width=\"300\" height=\"300\" data-src=\"https:\/\/arcanesetcristaux.fr\/wp-content\/uploads\/2026\/03\/ChatGPT-Image-11-mars-2026-15_35_19-300x300.png\" class=\"attachment-woocommerce_thumbnail size-woocommerce_thumbnail lazyload\" alt=\"Consutation de lithoth\u00e9rapie en visio\" data-srcset=\"https:\/\/arcanesetcristaux.fr\/wp-content\/uploads\/2026\/03\/ChatGPT-Image-11-mars-2026-15_35_19-300x300.png 300w, https:\/\/arcanesetcristaux.fr\/wp-content\/uploads\/2026\/03\/ChatGPT-Image-11-mars-2026-15_35_19-100x100.png 100w, https:\/\/arcanesetcristaux.fr\/wp-content\/uploads\/2026\/03\/ChatGPT-Image-11-mars-2026-15_35_19-600x600.png 600w, https:\/\/arcanesetcristaux.fr\/wp-content\/uploads\/2026\/03\/ChatGPT-Image-11-mars-2026-15_35_19-150x150.png 150w, https:\/\/arcanesetcristaux.fr\/wp-content\/uploads\/2026\/03\/ChatGPT-Image-11-mars-2026-15_35_19-768x768.png 768w, https:\/\/arcanesetcristaux.fr\/wp-content\/uploads\/2026\/03\/ChatGPT-Image-11-mars-2026-15_35_19.png 1024w\" data-sizes=\"(max-width: 300px) 100vw, 300px\" src=\"data:image\/svg+xml;base64,PHN2ZyB3aWR0aD0iMSIgaGVpZ2h0PSIxIiB4bWxucz0iaHR0cDovL3d3dy53My5vcmcvMjAwMC9zdmciPjwvc3ZnPg==\" style=\"--smush-placeholder-width: 300px; --smush-placeholder-aspect-ratio: 300\/300;\" \/><h2 class=\"woocommerce-loop-product__title\">Consutation de lithoth\u00e9rapie en visio<\/h2>\n\t<span class=\"price\"><span class=\"woocommerce-Price-amount amount\"><bdi>55,00&nbsp;<span class=\"woocommerce-Price-currencySymbol\">&euro;<\/span><\/bdi><\/span><\/span>\n<\/a><a href=\"\/index.php\/wp-json\/wp\/v2\/pages\/820?add-to-cart=722\" aria-describedby=\"woocommerce_loop_add_to_cart_link_describedby_722\" data-quantity=\"1\" class=\"button product_type_simple add_to_cart_button ajax_add_to_cart\" data-product_id=\"722\" data-product_sku=\"\" aria-label=\"Ajouter au panier\u00a0: &ldquo;Consutation de lithoth\u00e9rapie en visio&rdquo;\" rel=\"nofollow\" data-success_message=\"\u00ab\u00a0Consutation de lithoth\u00e9rapie en visio\u00a0\u00bb a \u00e9t\u00e9 ajout\u00e9 \u00e0 votre panier\" role=\"button\">Ajouter au panier<\/a>\t<span id=\"woocommerce_loop_add_to_cart_link_describedby_722\" class=\"screen-reader-text\">\n\t\t\t<\/span>\n<\/li>\n<li class=\"product type-product post-538 status-publish instock product_cat-accompagnements-consultations has-post-thumbnail virtual sold-individually purchasable product-type-simple\">\n\t<a href=\"https:\/\/arcanesetcristaux.fr\/index.php\/produit\/consultation-tarot\/\" class=\"woocommerce-LoopProduct-link woocommerce-loop-product__link\"><img decoding=\"async\" width=\"300\" height=\"300\" data-src=\"https:\/\/arcanesetcristaux.fr\/wp-content\/uploads\/2026\/03\/ChatGPT-Image-11-mars-2026-15_34_20-300x300.png\" class=\"attachment-woocommerce_thumbnail size-woocommerce_thumbnail lazyload\" alt=\"consultation Tarot en visio\" data-srcset=\"https:\/\/arcanesetcristaux.fr\/wp-content\/uploads\/2026\/03\/ChatGPT-Image-11-mars-2026-15_34_20-300x300.png 300w, https:\/\/arcanesetcristaux.fr\/wp-content\/uploads\/2026\/03\/ChatGPT-Image-11-mars-2026-15_34_20-100x100.png 100w, https:\/\/arcanesetcristaux.fr\/wp-content\/uploads\/2026\/03\/ChatGPT-Image-11-mars-2026-15_34_20-600x600.png 600w, https:\/\/arcanesetcristaux.fr\/wp-content\/uploads\/2026\/03\/ChatGPT-Image-11-mars-2026-15_34_20-150x150.png 150w, https:\/\/arcanesetcristaux.fr\/wp-content\/uploads\/2026\/03\/ChatGPT-Image-11-mars-2026-15_34_20-768x768.png 768w, https:\/\/arcanesetcristaux.fr\/wp-content\/uploads\/2026\/03\/ChatGPT-Image-11-mars-2026-15_34_20.png 1024w\" data-sizes=\"(max-width: 300px) 100vw, 300px\" src=\"data:image\/svg+xml;base64,PHN2ZyB3aWR0aD0iMSIgaGVpZ2h0PSIxIiB4bWxucz0iaHR0cDovL3d3dy53My5vcmcvMjAwMC9zdmciPjwvc3ZnPg==\" style=\"--smush-placeholder-width: 300px; --smush-placeholder-aspect-ratio: 300\/300;\" \/><h2 class=\"woocommerce-loop-product__title\">consultation Tarot en visio<\/h2>\n\t<span class=\"price\"><span class=\"woocommerce-Price-amount amount\"><bdi>55,00&nbsp;<span class=\"woocommerce-Price-currencySymbol\">&euro;<\/span><\/bdi><\/span><\/span>\n<\/a><a href=\"\/index.php\/wp-json\/wp\/v2\/pages\/820?add-to-cart=538\" aria-describedby=\"woocommerce_loop_add_to_cart_link_describedby_538\" data-quantity=\"1\" class=\"button product_type_simple add_to_cart_button ajax_add_to_cart\" data-product_id=\"538\" data-product_sku=\"\" aria-label=\"Ajouter au panier\u00a0: &ldquo;consultation Tarot en visio&rdquo;\" rel=\"nofollow\" data-success_message=\"\u00ab\u00a0consultation Tarot en visio\u00a0\u00bb a \u00e9t\u00e9 ajout\u00e9 \u00e0 votre panier\" role=\"button\">Ajouter au panier<\/a>\t<span id=\"woocommerce_loop_add_to_cart_link_describedby_538\" class=\"screen-reader-text\">\n\t\t\t<\/span>\n<\/li>\n<\/ul>\n<\/div>\t\t\t\t<\/div>\n\t\t\t\t<\/div>\n\t\t\t\t\t<\/div>\n\t\t\t\t<\/div>\n\t\t<div class=\"elementor-element elementor-element-7ec8292 e-flex e-con-boxed e-con e-parent\" data-id=\"7ec8292\" data-element_type=\"container\" data-e-type=\"container\">\n\t\t\t\t\t<div class=\"e-con-inner\">\n\t\t\t\t<div class=\"elementor-element elementor-element-27ee9f1 elementor-grid-4 elementor-grid-tablet-3 elementor-grid-mobile-2 elementor-products-grid elementor-wc-products elementor-widget elementor-widget-woocommerce-products\" data-id=\"27ee9f1\" data-element_type=\"widget\" data-e-type=\"widget\" data-widget_type=\"woocommerce-products.default\">\n\t\t\t\t<div class=\"elementor-widget-container\">\n\t\t\t\t\t<div class=\"woocommerce columns-4 \"><ul class=\"products elementor-grid columns-4\">\n<li class=\"product type-product post-579 status-publish first instock product_cat-outils-ressources has-post-thumbnail downloadable virtual purchasable product-type-simple\">\n\t<a href=\"https:\/\/arcanesetcristaux.fr\/index.php\/produit\/perdre-du-poids-sans-lutter-contre-son-corps\/\" class=\"woocommerce-LoopProduct-link woocommerce-loop-product__link\"><img decoding=\"async\" width=\"300\" height=\"300\" data-src=\"https:\/\/arcanesetcristaux.fr\/wp-content\/uploads\/2026\/02\/Faire-la-paix-avec-son-corps--300x300.png\" class=\"attachment-woocommerce_thumbnail size-woocommerce_thumbnail lazyload\" alt=\"Ebook Faire la paix avec son sorps\" data-srcset=\"https:\/\/arcanesetcristaux.fr\/wp-content\/uploads\/2026\/02\/Faire-la-paix-avec-son-corps--300x300.png 300w, https:\/\/arcanesetcristaux.fr\/wp-content\/uploads\/2026\/02\/Faire-la-paix-avec-son-corps--100x100.png 100w, https:\/\/arcanesetcristaux.fr\/wp-content\/uploads\/2026\/02\/Faire-la-paix-avec-son-corps--150x150.png 150w\" data-sizes=\"(max-width: 300px) 100vw, 300px\" src=\"data:image\/svg+xml;base64,PHN2ZyB3aWR0aD0iMSIgaGVpZ2h0PSIxIiB4bWxucz0iaHR0cDovL3d3dy53My5vcmcvMjAwMC9zdmciPjwvc3ZnPg==\" style=\"--smush-placeholder-width: 300px; --smush-placeholder-aspect-ratio: 300\/300;\" \/><h2 class=\"woocommerce-loop-product__title\">Ebook Faire la paix avec son sorps<\/h2>\n\t<span class=\"price\"><span class=\"woocommerce-Price-amount amount\"><bdi>12,90&nbsp;<span class=\"woocommerce-Price-currencySymbol\">&euro;<\/span><\/bdi><\/span><\/span>\n<\/a><a href=\"\/index.php\/wp-json\/wp\/v2\/pages\/820?add-to-cart=579\" aria-describedby=\"woocommerce_loop_add_to_cart_link_describedby_579\" data-quantity=\"1\" class=\"button product_type_simple add_to_cart_button ajax_add_to_cart\" data-product_id=\"579\" data-product_sku=\"\" aria-label=\"Ajouter au panier\u00a0: &ldquo;Ebook Faire la paix avec son sorps&rdquo;\" rel=\"nofollow\" data-success_message=\"\u00ab\u00a0Ebook Faire la paix avec son sorps\u00a0\u00bb a \u00e9t\u00e9 ajout\u00e9 \u00e0 votre panier\" role=\"button\">Ajouter au panier<\/a>\t<span id=\"woocommerce_loop_add_to_cart_link_describedby_579\" class=\"screen-reader-text\">\n\t\t\t<\/span>\n<\/li>\n<\/ul>\n<\/div>\t\t\t\t<\/div>\n\t\t\t\t<\/div>\n\t\t\t\t\t<\/div>\n\t\t\t\t<\/div>\n\t\t\t\t<\/div>\n\t\t","protected":false},"excerpt":{"rendered":"<p>Accompagnements et outils ressources<\/p>\n","protected":false},"author":1,"featured_media":0,"parent":0,"menu_order":0,"comment_status":"closed","ping_status":"closed","template":"","meta":{"footnotes":""},"class_list":["post-820","page","type-page","status-publish","hentry"],"yoast_head":"<!-- This site is optimized with the Yoast SEO plugin v27.4 - https:\/\/yoast.com\/product\/yoast-seo-wordpress\/ -->\n<title>RESSOURCES - Arcanes &amp; Cristaux<\/title>\n<meta name=\"robots\" content=\"index, follow, max-snippet:-1, max-image-preview:large, max-video-preview:-1\" \/>\n<link rel=\"canonical\" href=\"https:\/\/arcanesetcristaux.fr\/index.php\/ressources\/\" \/>\n<meta property=\"og:locale\" content=\"fr_FR\" \/>\n<meta property=\"og:type\" content=\"article\" \/>\n<meta property=\"og:title\" content=\"RESSOURCES - Arcanes &amp; Cristaux\" \/>\n<meta property=\"og:description\" content=\"Accompagnements et outils ressources\" \/>\n<meta property=\"og:url\" content=\"https:\/\/arcanesetcristaux.fr\/index.php\/ressources\/\" \/>\n<meta property=\"og:site_name\" content=\"Arcanes &amp; Cristaux\" \/>\n<meta property=\"article:publisher\" content=\"https:\/\/www.facebook.com\/share\/15UmzuaSotv\/\" \/>\n<meta property=\"article:modified_time\" content=\"2026-03-14T14:57:15+00:00\" \/>\n<meta property=\"og:image\" content=\"https:\/\/arcanesetcristaux.fr\/wp-content\/uploads\/2026\/01\/Design-sans-titre-2.jpg\" \/>\n\t<meta property=\"og:image:width\" content=\"1600\" \/>\n\t<meta property=\"og:image:height\" content=\"896\" \/>\n\t<meta property=\"og:image:type\" content=\"image\/jpeg\" \/>\n<meta name=\"twitter:card\" content=\"summary_large_image\" \/>\n<script type=\"application\/ld+json\" class=\"yoast-schema-graph\">{\"@context\":\"https:\\\/\\\/schema.org\",\"@graph\":[{\"@type\":\"WebPage\",\"@id\":\"https:\\\/\\\/arcanesetcristaux.fr\\\/index.php\\\/ressources\\\/\",\"url\":\"https:\\\/\\\/arcanesetcristaux.fr\\\/index.php\\\/ressources\\\/\",\"name\":\"RESSOURCES - Arcanes &amp; Cristaux\",\"isPartOf\":{\"@id\":\"https:\\\/\\\/arcanesetcristaux.fr\\\/#website\"},\"datePublished\":\"2026-03-14T14:12:04+00:00\",\"dateModified\":\"2026-03-14T14:57:15+00:00\",\"breadcrumb\":{\"@id\":\"https:\\\/\\\/arcanesetcristaux.fr\\\/index.php\\\/ressources\\\/#breadcrumb\"},\"inLanguage\":\"fr-FR\",\"potentialAction\":[{\"@type\":\"ReadAction\",\"target\":[\"https:\\\/\\\/arcanesetcristaux.fr\\\/index.php\\\/ressources\\\/\"]}]},{\"@type\":\"BreadcrumbList\",\"@id\":\"https:\\\/\\\/arcanesetcristaux.fr\\\/index.php\\\/ressources\\\/#breadcrumb\",\"itemListElement\":[{\"@type\":\"ListItem\",\"position\":1,\"name\":\"Accueil\",\"item\":\"https:\\\/\\\/arcanesetcristaux.fr\\\/\"},{\"@type\":\"ListItem\",\"position\":2,\"name\":\"RESSOURCES\"}]},{\"@type\":\"WebSite\",\"@id\":\"https:\\\/\\\/arcanesetcristaux.fr\\\/#website\",\"url\":\"https:\\\/\\\/arcanesetcristaux.fr\\\/\",\"name\":\"Arcanes et Cristaux\",\"description\":\"\",\"publisher\":{\"@id\":\"https:\\\/\\\/arcanesetcristaux.fr\\\/#organization\"},\"potentialAction\":[{\"@type\":\"SearchAction\",\"target\":{\"@type\":\"EntryPoint\",\"urlTemplate\":\"https:\\\/\\\/arcanesetcristaux.fr\\\/?s={search_term_string}\"},\"query-input\":{\"@type\":\"PropertyValueSpecification\",\"valueRequired\":true,\"valueName\":\"search_term_string\"}}],\"inLanguage\":\"fr-FR\"},{\"@type\":\"Organization\",\"@id\":\"https:\\\/\\\/arcanesetcristaux.fr\\\/#organization\",\"name\":\"Arcanes et Cristaux\",\"url\":\"https:\\\/\\\/arcanesetcristaux.fr\\\/\",\"logo\":{\"@type\":\"ImageObject\",\"inLanguage\":\"fr-FR\",\"@id\":\"https:\\\/\\\/arcanesetcristaux.fr\\\/#\\\/schema\\\/logo\\\/image\\\/\",\"url\":\"https:\\\/\\\/arcanesetcristaux.fr\\\/wp-content\\\/uploads\\\/2026\\\/01\\\/Logo-definitif-Arcanes-1.png\",\"contentUrl\":\"https:\\\/\\\/arcanesetcristaux.fr\\\/wp-content\\\/uploads\\\/2026\\\/01\\\/Logo-definitif-Arcanes-1.png\",\"width\":500,\"height\":500,\"caption\":\"Arcanes et Cristaux\"},\"image\":{\"@id\":\"https:\\\/\\\/arcanesetcristaux.fr\\\/#\\\/schema\\\/logo\\\/image\\\/\"},\"sameAs\":[\"https:\\\/\\\/www.facebook.com\\\/share\\\/15UmzuaSotv\\\/\"]}]}<\/script>\n<!-- \/ Yoast SEO plugin. -->","yoast_head_json":{"title":"RESSOURCES - Arcanes &amp; Cristaux","robots":{"index":"index","follow":"follow","max-snippet":"max-snippet:-1","max-image-preview":"max-image-preview:large","max-video-preview":"max-video-preview:-1"},"canonical":"https:\/\/arcanesetcristaux.fr\/index.php\/ressources\/","og_locale":"fr_FR","og_type":"article","og_title":"RESSOURCES - Arcanes &amp; Cristaux","og_description":"Accompagnements et outils ressources","og_url":"https:\/\/arcanesetcristaux.fr\/index.php\/ressources\/","og_site_name":"Arcanes &amp; Cristaux","article_publisher":"https:\/\/www.facebook.com\/share\/15UmzuaSotv\/","article_modified_time":"2026-03-14T14:57:15+00:00","og_image":[{"width":1600,"height":896,"url":"https:\/\/arcanesetcristaux.fr\/wp-content\/uploads\/2026\/01\/Design-sans-titre-2.jpg","type":"image\/jpeg"}],"twitter_card":"summary_large_image","schema":{"@context":"https:\/\/schema.org","@graph":[{"@type":"WebPage","@id":"https:\/\/arcanesetcristaux.fr\/index.php\/ressources\/","url":"https:\/\/arcanesetcristaux.fr\/index.php\/ressources\/","name":"RESSOURCES - Arcanes &amp; Cristaux","isPartOf":{"@id":"https:\/\/arcanesetcristaux.fr\/#website"},"datePublished":"2026-03-14T14:12:04+00:00","dateModified":"2026-03-14T14:57:15+00:00","breadcrumb":{"@id":"https:\/\/arcanesetcristaux.fr\/index.php\/ressources\/#breadcrumb"},"inLanguage":"fr-FR","potentialAction":[{"@type":"ReadAction","target":["https:\/\/arcanesetcristaux.fr\/index.php\/ressources\/"]}]},{"@type":"BreadcrumbList","@id":"https:\/\/arcanesetcristaux.fr\/index.php\/ressources\/#breadcrumb","itemListElement":[{"@type":"ListItem","position":1,"name":"Accueil","item":"https:\/\/arcanesetcristaux.fr\/"},{"@type":"ListItem","position":2,"name":"RESSOURCES"}]},{"@type":"WebSite","@id":"https:\/\/arcanesetcristaux.fr\/#website","url":"https:\/\/arcanesetcristaux.fr\/","name":"Arcanes et Cristaux","description":"","publisher":{"@id":"https:\/\/arcanesetcristaux.fr\/#organization"},"potentialAction":[{"@type":"SearchAction","target":{"@type":"EntryPoint","urlTemplate":"https:\/\/arcanesetcristaux.fr\/?s={search_term_string}"},"query-input":{"@type":"PropertyValueSpecification","valueRequired":true,"valueName":"search_term_string"}}],"inLanguage":"fr-FR"},{"@type":"Organization","@id":"https:\/\/arcanesetcristaux.fr\/#organization","name":"Arcanes et Cristaux","url":"https:\/\/arcanesetcristaux.fr\/","logo":{"@type":"ImageObject","inLanguage":"fr-FR","@id":"https:\/\/arcanesetcristaux.fr\/#\/schema\/logo\/image\/","url":"https:\/\/arcanesetcristaux.fr\/wp-content\/uploads\/2026\/01\/Logo-definitif-Arcanes-1.png","contentUrl":"https:\/\/arcanesetcristaux.fr\/wp-content\/uploads\/2026\/01\/Logo-definitif-Arcanes-1.png","width":500,"height":500,"caption":"Arcanes et Cristaux"},"image":{"@id":"https:\/\/arcanesetcristaux.fr\/#\/schema\/logo\/image\/"},"sameAs":["https:\/\/www.facebook.com\/share\/15UmzuaSotv\/"]}]}},"_links":{"self":[{"href":"https:\/\/arcanesetcristaux.fr\/index.php\/wp-json\/wp\/v2\/pages\/820","targetHints":{"allow":["GET"]}}],"collection":[{"href":"https:\/\/arcanesetcristaux.fr\/index.php\/wp-json\/wp\/v2\/pages"}],"about":[{"href":"https:\/\/arcanesetcristaux.fr\/index.php\/wp-json\/wp\/v2\/types\/page"}],"author":[{"embeddable":true,"href":"https:\/\/arcanesetcristaux.fr\/index.php\/wp-json\/wp\/v2\/users\/1"}],"replies":[{"embeddable":true,"href":"https:\/\/arcanesetcristaux.fr\/index.php\/wp-json\/wp\/v2\/comments?post=820"}],"version-history":[{"count":17,"href":"https:\/\/arcanesetcristaux.fr\/index.php\/wp-json\/wp\/v2\/pages\/820\/revisions"}],"predecessor-version":[{"id":858,"href":"https:\/\/arcanesetcristaux.fr\/index.php\/wp-json\/wp\/v2\/pages\/820\/revisions\/858"}],"wp:attachment":[{"href":"https:\/\/arcanesetcristaux.fr\/index.php\/wp-json\/wp\/v2\/media?parent=820"}],"curies":[{"name":"wp","href":"https:\/\/api.w.org\/{rel}","templated":true}]}}